2. Suppose -10*h + 19 = -11. Suppose -36 = -h*n - n. Calculate u(n).
6
Let f(u) be the second derivative of -u**5/20 - 5*u**4/12 - u**3/6 - 2*u**2 - 3*u. Let t be -14*2*(-5)/20. Suppose t*n = 32*n + 125. Determine f(n).
1
Let i(z) = -5*z - 32. Let f = -3350 + 3339. Give i(f).
23
Let r(q) = -q**3 + 4*q**2 + 4*q - 7. Let w = 314 - 311. Suppose -2*u - 3*y - 3 = -5*u, -4*u + w*y + 8 = 0. What is r(u)?
-12
Let n = 4111 + -4115. Let k(q) be the first derivative of q**4/4 + 5*q**3/3 + 3*q**2 + 6*q - 6. Give k(n).
-2
Let k(y) = 5*y**2 - 10*y - 2 - 1 + 10*y + y**3 - 9*y. Let l(x) = x**3 - 7*x**2 - 4*x + 6. Let m be l(8). Let c be m/(-6) + 17/51. What is k(c)?
15
Let i(f) = -4*f**3 - 68*f**2 + 10*f + 17. Let o(l) = -7*l**3 - 121*l**2 + 19*l + 35. Let q(g) = -11*i(g) + 6*o(g). Determine q(-11).
-21
Let k(j) = 9*j + 19. Let z = 7438 + -7445. Give k(z).
-44
Let j(d) = 13 - 12 + 5 + 7 + 7 - 4*d. Determine j(16).
-44
Let m = -116689 - -116682. Let g(o) be the second derivative of o**3/2 + 9*o**2 + 2*o. Calculate g(m).
-3
Let u(o) = 45*o - 42 + 281 + 117 - 44*o + 43*o. Determine u(-8).
4
Suppose y - 567 = -8*y. Suppose -4*t + 3*j = -y, -21*t + 23*t - 4*j - 44 = 0. Let k(f) = f**2 - 14*f + 19. Give k(t).
-5
Let y(d) = d**3 + 38*d**2 - 81*d - 44. Let c(b) = -2*b**3 + 5*b**2 + 15*b - 52. Let m be c(4). What is y(m)?
-4
Let m(c) be the third derivative of -c**5/30 + c**4/4 + 2*c**3/3 - c**2 - 11*c - 21. Suppose a - 9 = q, -5*a + 2*a + 4*q = -31. Calculate m(a).
-16
Suppose 8*a = 6*a + 10, -2*a = 3*r - 4. Let f(p) = -p**3 + 7*p**2 - 6*p + 3. Let z be f(6). Let v(y) = 6*y - y + 1 + 3*y - z*y. What is v(r)?
-9
Let o(h) = -h**3 - 9*h**2 + 9*h - 10. Let q(w) = w**2 + 9*w + 4. Suppose -23 = 5*k + 3*l, -3*k + l = 2*k + 39. Let v be q(k). Calculate o(v).
0
Let a(h) = -36*h - 24. Let g(k) = 13*k - 2. Let m(o) = a(o) + 3*g(o). Calculate m(10).
0
Let u(x) = -x**3 + 43*x**2 + 50*x - 2. Let r(g) = 45*g**2 + 54*g - 2. Let z(d) = -2*r(d) + 3*u(d). Determine z(14).
-2
Let q(z) be the first derivative of -z**4/4 - 7*z**3/3 + 5*z**2/2 - 17*z - 1537. Determine q(-8).
7
Let d be 3/(9/(-15)) + 132. Let x(v) = d - 255 + v + 126. What is x(-5)?
-7
Let f(v) = 4*v**2 - v - 1. Let n(h) = -h**2. Let o(t) = -2*f(t) - 7*n(t). Let b be (2/3)/((266/63 - 4)*1). Calculate o(b).
-1
Let k(h) = -2*h**2 - 4*h. Let y = 40 - -3. Let r = 3194 - 3188. Suppose r*b + 61 = y. Give k(b).
-6
Let v(z) = 12257031*z - 12257028*z + 2*z**2 - 4 + 8*z**3 - 41*z**3. Calculate v(1).
-32
Let z = 427 + -434. Let i(k) = -2*k - 4*k + 7*k**3 - 1 + 11. Let r(g) = 13*g**3 + g**2 - 12*g + 19. Let f(b) = -11*i(b) + 6*r(b). Give f(z).
-3
Let u(z) = z - 2 + z + 1 - 11*z. Let p(b) = -8*b**2 - 2*b - 3. Let k be p(-1). Let o(g) = g**2 + 11*g + 17. Let w be o(k). What is u(w)?
8
Let w = 122 - 110. Let a(l) = -2*l**2 + 1 + 2*l + 11*l - w*l. Determine a(2).
-5
Let t = 339 + -341. Let r(b) = -5*b**3 - b**2 - 3*b. Give r(t).
42
Let g(l) = l**2 + 573 - 584 - 2*l**2 + 0*l + 0*l. What is g(-7)?
-60
Let t(p) = -4*p**2 - p - 3*p - p**2 - 1330*p**3 + 1329*p**3 - 4 + 0. Suppose 4*r = c - 13, -5*c - 7 = -3*r + r. What is t(c)?
-10
Let a = -2101/168 + 438/35. Let q(t) be the third derivative of -14*t**2 - 1/3*t**3 - 1/12*t**4 + 0*t - a*t**6 + 0*t**5 + 0. Calculate q(-2).
10
Let z(o) be the third derivative of 1/24*o**4 + 5/6*o**3 + 0*o - 6*o**2 + 0. Suppose 9427*t + 49 = 9420*t. Determine z(t).
-2
Let l = -134 + 136. Let o be (-12)/3 - 8*l/(-4). Suppose o = -7*t - 10*t - 68. Let g(m) = m**3 + 5*m**2 + 4*m - 5. What is g(t)?
-5
Let s = -33 + 39. Suppose 5 + 13 = 6*k. Let v(a) = -a**3 + 5*a**2 + 4 + 0*a**k - 94*a + 100*a. What is v(s)?
4
Let g be ((-71)/(-8) - 9)*-8. Let h(r) = -28*r**3 - 3*r**2 + 3*r - 1. What is h(g)?
-29
Let j(q) = 3 + 271*q + 5*q**3 - 4 - 522*q - 4*q**3 + 242*q - 3*q**2. What is j(5)?
4
Let n(f) = f**2 - 37*f + 321. Let p(j) = 2*j**2 + 40*j - 75. Let w be p(2). Calculate n(w).
9
Let m(r) be the first derivative of r**3 - 3*r**2 + 2*r + 188. Let g be 4/(-3)*9/(-6). Determine m(g).
2
Let p(m) = 6*m + 9. Let z be p(6). Suppose -5*l + z = -2*l. Let a(j) = l - 6 - 8 + 4*j. What is a(1)?
5
Let d = 3 - 4. Let b(c) = -43*c + 2 - 3 - 39*c + 94*c - 1 - 15*c. Give b(d).
1
Let l(w) = w - 1. Let r = -55 + 84. Let f(o) = -4 + 0 - 28*o**2 + 1 + r*o**2. Let j(i) = -f(i) + 6*l(i). Give j(5).
2
Let s(v) be the second derivative of v**6/180 - v**5/60 + v**4/24 + v**3/3 + 15*v**2 - v + 34. Let y(p) be the second derivative of s(p). Give y(2).
5
Let b(w) = 28 + 23 - 55 + 9*w + w**3 - 9*w**2. Let n be b(8). Suppose -3*g - 8 = 4*k, 0*k - n*k - 20 = 0. Let u(l) = -l**3 + 3*l**2 + 1. Determine u(g).
-15
Let a(g) = -10*g + 36. Let l be ((-3 + 7 + -3)/(-1))/((-2)/16). Calculate a(l).
-44
Let t(c) be the first derivative of 2*c**2 - 13*c - 2264. Determine t(4).
3
Suppose 675 = -6*n + 11*n. Let x = n + -131. Suppose -3*k - 2*z + 10 = 0, x*z - 9 = -3*k + z. Let f(i) = i**3 - 4*i**2 - i - 5. Give f(k).
-9
Let f(i) be the second derivative of -7*i + 3*i**2 + 0 + 1/12*i**4 - 2/3*i**3. Calculate f(5).
11
Let y(p) = -18*p + 13. Suppose 90*v - 15*v = -28*v - 24*v. Give y(v).
13
Let f be 52/14 - (8 - 696/84). Let s(r) = -22*r + 77. Let d be s(f). Let w(u) = -u + 3. Give w(d).
14
Let d(p) be the first derivative of 5*p**4 + p**3/3 - p**2 - 3*p - 397. Calculate d(-1).
-20
Let k(d) = -d**3 + 7*d**2 + 8*d + 10. Suppose 5*r = f + 39, 27 = -3*r + 2*f + 49. Determine k(r).
10
Let f be 48/72*(-9)/(-6). Let m(o) = 3*o**2 + 15*o + 4. Let g(h) = h**2 + h + 1. Let i(s) = f*m(s) - 2*g(s). What is i(-6)?
-40
Suppose 6*k = 10*k - 2*y - 32, k = -3*y + 8. Suppose -17*d + 99 = -k*d. Let l(u) = -2*u + 5. Determine l(d).
-17
Let i(a) = -3*a**2 - 15 - 6870*a + a**3 + 6885*a + 22*a**2. Give i(-18).
39
Let z(j) = 22 - 16*j**2 - 26 + 92*j + 21 + j**3 - 93*j. Suppose 5*l - 121 = -41. What is z(l)?
1
Let t(z) = -z**3 - z**2 + z + 6. Let m be 0 - -1 - 0 - ((-47 - -113) + -65). What is t(m)?
6
Let i(v) be the third derivative of 2*v**3 - 1/2*v**4 + 1/60*v**5 + 7*v**2 - 7*v + 0. Determine i(10).
-8
Let a(k) = -k**3 + 22*k**2 - 116*k - 7. Let z be a(10). Let p(m) = -m**3 - 9*m**2 + 5*m + 12. Let q be p(-9). Let i = z + q. Let r(y) = y - 12. Give r(i).
-12
Let u(b) be the first derivative of 0*b**3 - 2*b - 1/2*b**2 + 1/4*b**4 - 100. Calculate u(-2).
-8
Let k(v) = v**3 + 7*v**2 + 8*v + 7. Let j(f) = f**2 - 193. Let p be j(-14). Suppose -4*m + 7 = -p*a, -5*m = -3*a - 2*a - 15. Determine k(a).
17
Let z(r) = r**2 + 12*r - 14. Suppose 12*m = 29*m - 3*m + 140. Give z(m).
-34
Let r(o) = 2 - 10*o + 12*o + 4*o**2 + 2 + o**3. Suppose -2*l + 25 - 1 = 0. Suppose 0 = 3*f + f + l. What is r(f)?
7
Let i(w) = -w**3 + 18*w**2 - 2. Let s(c) = -2*c**3 + 34*c**2 - 5. Let u(b) = 11*i(b) - 6*s(b). Determine u(7).
57
Let z(a) = -155 - 9*a**2 + 154 - 24*a + 49*a**3 - 48*a**3. Give z(11).
-23
Let l(t) = t**2 - 5*t - 6. Let u = -98 - -105. Let w(r) = 8*r - 51. Let c be w(u). What is l(c)?
-6
Let f = 92 + -60. Suppose 24*b + 64 = f*b. Let q(x) = x**3 - 7*x**2 - 10*x + 5. Give q(b).
-11
Let v(g) = -34*g - 203. Let y be v(-6). Let b(f) = -70*f + 132*f + y - 77*f + 2*f**2. Give b(7).
-6
Suppose 0*x = -5*x - 5, -5*a = 4*x - 71. Let m(y) = -y**3 - 6*y**2 - a*y - 7 - 17*y + 3 - 16*y + 42*y. Let p be -3 + 2*-1 + 0. What is m(p)?
1
Let d(g) = g**2 + 23*g + 47. Let r(m) = m**3 + 6*m - 20. Let u be r(0). Give d(u).
-13
Let a(p) be the first derivative of p**4/6 + p**3/3 - p**2/2 - 151*p + 81. Let h(i) be the first derivative of a(i). Calculate h(1).
3
Let k be -1*2/4*-10 + 2. Let c(n) be the third derivative of n**5/60 - n**4/3 + 5*n**3/6 + 1592*n**2. What is c(k)?
-2
Suppose -2767 = 136*d + 1449. Let c(o) = -10*o - 317. Give c(d).
-7
Let s(m) be the third derivative of m**6/40 + m**5/60 + m**4/24 + 2*m**2 - 894*m. What is s(-2)?
-22
Let t be (27/(-36) - -2)/((6/(-8))/3). Let a(k) = -2*k**2 - 4*k + 15. What is a(t)?
-15
Let n(d) be the second derivative of -d**4/12 - d**3/6 + 7*d**2/2 + 2*d. Suppose -3*i = -2*z - 18 + 29, 4*z + 2*i = -34. Calculate n(z).
-13
Suppose 0 = -s + 1 + 14. Let p(u) = -7 + s*u - 38*u + 31*u - u**2. What is p(6)?
5
Let i(q) = q**2 - 23*q + 21. Let d be i(23). Suppose 4*a + z = d, -a - 4*z + 29 = z. Let u(o) = -2*o - 2. Calculate u(a).
-10
Let p(r) = 4*r**2 + 50*r - 108. Let f be p(2). Let x(a) = a**